t is the hundreds digit of 2219?
2
What is the hundreds digit of 489?
4
What is the thousands digit of 13621?
3
What is the hundreds digit of 391?
3
What is the units digit of 387?
7
What is the thousands digit of 4502?
4
What is the tens digit of 2909?
0
What is the tens digit of 1949?
4
What is the thousands digit of 9168?
9
What is the tens digit of 1095?
9
What is the units digit of 44711?
1
What is the tens digit of 8908?
0
What is the thousands digit of 32727?
2
What is the tens digit of 517?
1
What is the hundreds digit of 5328?
3
What is the units digit of 108472?
2
What is the hundreds digit of 1811?
8
What is the tens digit of 2306?
0
What is the hundreds digit of 1464?
4
What is the thousands digit of 1250?
1
What is the units digit of 53216?
6
What is the tens digit of 7866?
6
What is the thousands digit of 1753?
1
What is the tens digit of 3901?
0
What is the tens digit of 63?
6
What is the thousands digit of 46753?
6
What is the tens digit of 310?
1
What is the ten thousands digit of 10340?
1
What is the thousands digit of 1132?
1
What is the hundreds digit of 230?
2
What is the thousands digit of 23313?
3
What is the hundreds digit of 7429?
4
What is the tens digit of 4136?
3
What is the hundreds digit of 1070?
0
What is the units digit of 4076?
6
What is the tens digit of 28748?
4
What is the tens digit of 18763?
6
What is the ten thousands digit of 40715?
4
What is the hundreds digit of 2306?
3
What is the tens digit of 535?
3
What is the thousands digit of 8862?
8
What is the hundreds digit of 2409?
4
What is the hundreds digit of 503?
5
What is the hundreds digit of 220?
2
What is the thousands digit of 1601?
1
What is the tens digit of 5966?
6
What is the ten thousands digit of 27569?
2
What is the units digit of 145?
5
What is the thousands digit of 69489?
9
What is the hundreds digit of 1112?
1
What is the hundreds digit of 75633?
6
What is the units digit of 3?
3
What is the ten thousands digit of 63912?
6
What is the tens digit of 50?
5
What is the tens digit of 1485?
8
What is the units digit of 6618?
8
What is the units digit of 22876?
6
What is the ten thousands digit of 35006?
3
What is the tens digit of 526?
2
What is the units digit of 5183?
3
What is the tens digit of 66277?
7
What is the units digit of 1183?
3
What is the hundred thousands digit of 172346?
1
What is the units digit of 439?
9
What is the tens digit of 5460?
6
What is the thousands digit of 1970?
1
What is the hundreds digit of 22208?
2
What is the tens digit of 11?
1
What is the hundreds digit of 1201?
2
What is the thousands digit of 2711?
2
What is the tens digit of 39429?
2
What is the hundreds digit of 13051?
0
What is the hundreds digit of 729?
7
What is the units digit of 1406?
6
What is the hundreds digit of 40986?
9
What is the units digit of 55503?
3
What is the hundred thousands digit of 139168?
1
What is the thousands digit of 8990?
8
What is the ten thousands digit of 18904?
1
What is the tens digit of 26033?
3
What is the hundreds digit of 7800?
8
What is the tens digit of 5353?
5
What is the units digit of 3634?
4
What is the hundreds digit of 3232?
2
What is the thousands digit of 17088?
7
What is the tens digit of 28768?
6
What is the units digit of 14283?
3
What is the units digit of 200?
0
What is the thousands digit of 88289?
8
What is the hundreds digit of 51626?
6
What is the thousands digit of 13962?
3
What is the thousands digit of 8600?
8
What is the hundreds digit of 1278?
2
What is the units digit of 91?
1
What is the hundreds digit of 4294?
2
What is the tens digit of 2996?
9
What is the hundreds digit of 162?
1
What is the thousands digit of 4653?
4
What is the units digit of 11141?
1
What is the units digit of 667?
7
What is the ten thousands digit of 14447?
1
What is the hundreds digit of 4069?
0
What is the tens digit of 28357?
5
What is the tens digit of 3143?
4
What is the units digit of 498?
8
What is the tens digit of 67528?
2
What is the tens digit of 4914?
1
What is the units digit of 20374?
4
What is the thousands digit of 4677?
4
What is the thousands digit of 2436?
2
What is the tens digit of 1842?
4
What is the thousands digit of 1559?
1
What is the hundreds digit of 317?
3
What is the hundreds digit of 29420?
4
What is the tens digit of 16966?
6
What is the thousands digit of 6001?
6
What is the ten thousands digit of 13569?
1
What is the thousands digit of 98579?
8
What is the thousands digit of 4436?
4
What is the hundreds digit of 4084?
0
What is the thousands digit of 47583?
7
What is the ten thousands digit of 53253?
5
What is the ten thousands digit of 64561?
6
What is the tens digit of 290?
9
What is the ten thousands digit of 113242?
1
What is the tens digit of 251?
5
What is the tens digit of 45620?
2
What is the tens digit of 1086?
8
What is the hundreds digit of 2236?
2
What is the tens digit of 9127?
2
What is the hundreds digit of 11230?
2
What is the tens digit of 23?
2
What is the units digit of 39309?
9
What is the hundreds digit of 8448?
4
What is the tens digit of 89276?
7
What is the tens digit of 8984?
8
What is the tens digit of 5988?
8
What is the thousands digit of 4913?
4
What is the tens digit of 209?
0
What is the units digit of 98628?
8
What is the tens digit of 446?
4
What is the tens digit of 5237?
3
What is the thousands digit of 45864?
5
What is the tens digit of 531?
3
What is the hundreds digit of 1279?
2
What is the hundreds digit of 832?
8
What is the tens digit of 1229?
2
What is the thousands digit of 1174?
1
What is the units digit of 957?
7
What is the units digit of 3222?
2
What is the ten thousands digit of 13883?
1
What is the hundreds digit of 1771?
7
What is the tens digit of 18908?
0
What is the hundreds digit of 193?
1
What is the hundreds digit of 7991?
9
What is the hundreds digit of 1720?
7
What is the hundreds digit of 6022?
0
What is the units digit of 4944?
4
What is the hundreds digit of 2401?
4
What is the units digit of 4737?
7
What is the units digit of 40175?
5
What is the units digit of 589?
9
What is the thousands digit of 30856?
0
What is the thousands digit of 133138?
3
What is the ten thousands digit of 85293?
8
What is the tens digit of 199?
9
What is the tens digit of 539?
3
What is the ten thousands digit of 36951?
3
What is the thousands digit of 2986?
2
What is the hundreds digit of 5431?
4
What is the thousands digit of 28677?
8
What is the hundreds digit of 815?
8
What is the thousands digit of 23578?
3
What is the thousands digit of 1466?
1
What is the tens digit of 1900?
0
What is the hundreds digit of 47326?
3
What is the units digit of 7199?
9
What is the units digit of 14?
4
What is the ten thousands digit of 129777?
2
What is the units digit of 23363?
3
What is the thousands digit of 39798?
9
What is the tens digit of 320?
2
What is the tens digit of 7062?
6
What is the hundreds digit of 3019?
0
What is the units digit of 22628?
8
What is the units digit of 604?
4
What is the tens digit of 1166?
6
What is the ten thousands digit of 41102?
4
What is the tens digit of 77?
7
What is the ten thousands digit of 107645?
0
What is the hundreds digit of 92576?
5
What is the units digit of 4322?
2
What is the units digit of 46014?
4
What is the hundreds digit of 139224?
2
What is the thousands digit of 4137?
4
What is the tens digit of 3236?
3
What is the tens digit of 20085?
8
What is the ten thousands digit of 26890?
2
What is the tens digit of 2820?
2
What is the ten thousands digit of 43241?
4
What is the hundreds digit of 94522?
5
What is the thousands digit of 117416?
7
What is the tens digit of 1765?
6
What is the tens digit of 15061?
6
What is the tens digit of 28195?
9
What is the ten thousands digit of 48988?
4
What is the tens digit of 6254?
5
What is the units digit of 2?
2
What is the tens digit of 803?
0
What is the tens digit of 1563?
6
What is the tens digit of 233?
3
What is the tens digit of 14791?
9
What is the units digit of 4106?
6
What is the hundreds digit of 789?
7
What is the tens digit of 501?
0
What is the thousands digit of 1398?
1
What is the hundreds digit of 4521?
5
What is the tens digit of 59566?
6
What is the ten thousands digit of 58797?
5
What is the ten thousands digit of 29055?
2
What is the hundre